{"id":965,"date":"2024-01-07T19:41:07","date_gmt":"2024-01-07T18:41:07","guid":{"rendered":"https:\/\/www.capschoul.lu\/?page_id=965"},"modified":"2024-01-07T19:41:07","modified_gmt":"2024-01-07T18:41:07","slug":"programme-primaire","status":"publish","type":"page","link":"https:\/\/www.capschoul.lu\/index.php\/programme-primaire\/","title":{"rendered":"Programme Primaire"},"content":{"rendered":"<div class=\"wpb-content-wrapper\"><p>[vc_row][vc_column][vc_empty_space][\/vc_column][\/vc_row][vc_row][vc_column][vc_column_text]<\/p>\n<h1 class=\" nd_options_text_align_center_responsive_important nd_options_first_font \">Description du programme<\/h1>\n<p>[\/vc_column_text][\/vc_column][\/vc_row][vc_row][vc_column][vc_empty_space][\/vc_column][\/vc_row][vc_row][vc_column width=\u00a0\u00bb1\/2&Prime;][vc_column_text]Les classes de l\u2019\u00e9cole primaire sont capitales, car elles permettent \u00e0 l\u2019\u00e9l\u00e8ve d\u2019acqu\u00e9rir les bases fondamentales d\u2019une scolarit\u00e9 r\u00e9ussie\u00a0par le biais:<\/p>\n<p>d\u2019un apprentissage harmonieux de la lecture,<br \/>\nd\u2019un premier contact r\u00e9ussi avec les math\u00e9matiques,<br \/>\ndu go\u00fbt des langues \u00e9trang\u00e8res,<br \/>\n<strong>Pour cela je travaille sur 3 mati\u00e8res<\/strong>:<br \/>\n<span class=\"style2\">En fran\u00e7ais<\/span>, pour la grammaire, la conjugaison ou l\u2019orthographe, la lecture<br \/>\n<span class=\"style2\">En math\u00e9matique<\/span>s pour le calcul ou la g\u00e9om\u00e9trie,<br \/>\n<span class=\"style2\">En allemand<\/span>, pour la conjugaison, l\u2019orthographe, les d\u00e9clinaisons, la construction de la phrase.[\/vc_column_text][\/vc_column][vc_column width=\u00a0\u00bb1\/2&Prime;][vc_single_image image=\u00a0\u00bb962&Prime; img_size=\u00a0\u00bbfull\u00a0\u00bb][\/vc_column][\/vc_row][vc_row][vc_column][vc_empty_space][\/vc_column][\/vc_row][vc_row][vc_column width=\u00a0\u00bb1\/2&Prime;][vc_single_image image=\u00a0\u00bb943&Prime; img_size=\u00a0\u00bbfull\u00a0\u00bb][\/vc_column][vc_column width=\u00a0\u00bb1\/2&Prime;][vc_column_text]<\/p>\n<h1 class=\" nd_options_text_align_center_responsive_important nd_options_first_font \">Une m\u00e9thodologie adapt\u00e9e \u00e0 votre enfant<\/h1>\n<p>Apr\u00e8s un entretien individuel avec l\u2019\u00e9l\u00e8ve, et une \u00e9valuation qui permet de conna\u00eetre les points forts et points faibles de l\u2019\u00e9l\u00e8ve, je mets en place un programme qui lui correspond.<\/p>\n<p>J\u2019utilise les moyens technologiques modernes qui font aujourd\u2019hui partie du quotidien de la nouvelle g\u00e9n\u00e9ration. L\u2019apprentissage devient ludique et int\u00e9ressant pour les \u00e9l\u00e8ves du primaire.Tous les profils sont satisfaits, les visuels comme les auditifs.<\/p>\n<p>Je travaille en collaboration avec les enseignants des \u00e9l\u00e8ves pour un r\u00e9sultat optimal.[\/vc_column_text][\/vc_column][\/vc_row][vc_row][vc_column][vc_empty_space][\/vc_column][\/vc_row]<\/p>\n<\/div>","protected":false},"excerpt":{"rendered":"<p>[vc_row][vc_column][vc_empty_space][\/vc_column][\/vc_row][vc_row][vc_column][vc_column_text] Description du programme [\/vc_column_text][\/vc_column][\/vc_row][vc_row][vc_column][vc_empty_space][\/vc_column][\/vc_row][vc_row][vc_column width=\u00a0\u00bb1\/2&Prime;][vc_column_text]Les classes de l\u2019\u00e9cole primaire sont capitales, car elles permettent \u00e0 l\u2019\u00e9l\u00e8ve d\u2019acqu\u00e9rir les bases fondamentales d\u2019une scolarit\u00e9 r\u00e9ussie\u00a0par le biais: d\u2019un apprentissage harmonieux de la lecture, d\u2019un premier contact r\u00e9ussi avec les math\u00e9matiques, du go\u00fbt des langues \u00e9trang\u00e8res, Pour cela je travaille sur 3 mati\u00e8res: En fran\u00e7ais, pour la [&hellip;]<\/p>\n","protected":false},"author":1,"featured_media":0,"parent":0,"menu_order":0,"comment_status":"closed","ping_status":"closed","template":"","meta":{"footnotes":""},"class_list":["post-965","page","type-page","status-publish","hentry"],"yoast_head":"<!-- This site is optimized with the Yoast SEO plugin v21.8 - https:\/\/yoast.com\/wordpress\/plugins\/seo\/ -->\n<title>Programme Primaire - Capschoul<\/title>\n<meta name=\"robots\" content=\"index, follow, max-snippet:-1, max-image-preview:large, max-video-preview:-1\" \/>\n<link rel=\"canonical\" href=\"https:\/\/www.capschoul.lu\/index.php\/programme-primaire\/\" \/>\n<meta property=\"og:locale\" content=\"fr_FR\" \/>\n<meta property=\"og:type\" content=\"article\" \/>\n<meta property=\"og:title\" content=\"Programme Primaire - Capschoul\" \/>\n<meta property=\"og:description\" content=\"[vc_row][vc_column][vc_empty_space][\/vc_column][\/vc_row][vc_row][vc_column][vc_column_text] Description du programme [\/vc_column_text][\/vc_column][\/vc_row][vc_row][vc_column][vc_empty_space][\/vc_column][\/vc_row][vc_row][vc_column width=\u00a0\u00bb1\/2&Prime;][vc_column_text]Les classes de l\u2019\u00e9cole primaire sont capitales, car elles permettent \u00e0 l\u2019\u00e9l\u00e8ve d\u2019acqu\u00e9rir les bases fondamentales d\u2019une scolarit\u00e9 r\u00e9ussie\u00a0par le biais: d\u2019un apprentissage harmonieux de la lecture, d\u2019un premier contact r\u00e9ussi avec les math\u00e9matiques, du go\u00fbt des langues \u00e9trang\u00e8res, Pour cela je travaille sur 3 mati\u00e8res: En fran\u00e7ais, pour la [&hellip;]\" \/>\n<meta property=\"og:url\" content=\"https:\/\/www.capschoul.lu\/index.php\/programme-primaire\/\" \/>\n<meta property=\"og:site_name\" content=\"Capschoul\" \/>\n<meta name=\"twitter:card\" content=\"summary_large_image\" \/>\n<meta name=\"twitter:label1\" content=\"Dur\u00e9e de lecture estim\u00e9e\" \/>\n\t<meta name=\"twitter:data1\" content=\"2 minutes\" \/>\n<script type=\"application\/ld+json\" class=\"yoast-schema-graph\">{\"@context\":\"https:\/\/schema.org\",\"@graph\":[{\"@type\":\"WebPage\",\"@id\":\"https:\/\/www.capschoul.lu\/index.php\/programme-primaire\/\",\"url\":\"https:\/\/www.capschoul.lu\/index.php\/programme-primaire\/\",\"name\":\"Programme Primaire - Capschoul\",\"isPartOf\":{\"@id\":\"https:\/\/www.capschoul.lu\/#website\"},\"datePublished\":\"2024-01-07T18:41:07+00:00\",\"dateModified\":\"2024-01-07T18:41:07+00:00\",\"breadcrumb\":{\"@id\":\"https:\/\/www.capschoul.lu\/index.php\/programme-primaire\/#breadcrumb\"},\"inLanguage\":\"fr-FR\",\"potentialAction\":[{\"@type\":\"ReadAction\",\"target\":[\"https:\/\/www.capschoul.lu\/index.php\/programme-primaire\/\"]}]},{\"@type\":\"BreadcrumbList\",\"@id\":\"https:\/\/www.capschoul.lu\/index.php\/programme-primaire\/#breadcrumb\",\"itemListElement\":[{\"@type\":\"ListItem\",\"position\":1,\"name\":\"Accueil\",\"item\":\"https:\/\/www.capschoul.lu\/\"},{\"@type\":\"ListItem\",\"position\":2,\"name\":\"Programme Primaire\"}]},{\"@type\":\"WebSite\",\"@id\":\"https:\/\/www.capschoul.lu\/#website\",\"url\":\"https:\/\/www.capschoul.lu\/\",\"name\":\"Capschoul\",\"description\":\"Soutien scolaire Luxembourg\",\"publisher\":{\"@id\":\"https:\/\/www.capschoul.lu\/#organization\"},\"potentialAction\":[{\"@type\":\"SearchAction\",\"target\":{\"@type\":\"EntryPoint\",\"urlTemplate\":\"https:\/\/www.capschoul.lu\/?s={search_term_string}\"},\"query-input\":\"required name=search_term_string\"}],\"inLanguage\":\"fr-FR\"},{\"@type\":\"Organization\",\"@id\":\"https:\/\/www.capschoul.lu\/#organization\",\"name\":\"Capschoul\",\"url\":\"https:\/\/www.capschoul.lu\/\",\"logo\":{\"@type\":\"ImageObject\",\"inLanguage\":\"fr-FR\",\"@id\":\"https:\/\/www.capschoul.lu\/#\/schema\/logo\/image\/\",\"url\":\"https:\/\/www.capschoul.lu\/wp-content\/uploads\/2024\/01\/logo-CAP-SCHOUL-Landscape300trans.png\",\"contentUrl\":\"https:\/\/www.capschoul.lu\/wp-content\/uploads\/2024\/01\/logo-CAP-SCHOUL-Landscape300trans.png\",\"width\":300,\"height\":85,\"caption\":\"Capschoul\"},\"image\":{\"@id\":\"https:\/\/www.capschoul.lu\/#\/schema\/logo\/image\/\"}}]}<\/script>\n<!-- \/ Yoast SEO plugin. -->","yoast_head_json":{"title":"Programme Primaire - Capschoul","robots":{"index":"index","follow":"follow","max-snippet":"max-snippet:-1","max-image-preview":"max-image-preview:large","max-video-preview":"max-video-preview:-1"},"canonical":"https:\/\/www.capschoul.lu\/index.php\/programme-primaire\/","og_locale":"fr_FR","og_type":"article","og_title":"Programme Primaire - Capschoul","og_description":"[vc_row][vc_column][vc_empty_space][\/vc_column][\/vc_row][vc_row][vc_column][vc_column_text] Description du programme [\/vc_column_text][\/vc_column][\/vc_row][vc_row][vc_column][vc_empty_space][\/vc_column][\/vc_row][vc_row][vc_column width=\u00a0\u00bb1\/2&Prime;][vc_column_text]Les classes de l\u2019\u00e9cole primaire sont capitales, car elles permettent \u00e0 l\u2019\u00e9l\u00e8ve d\u2019acqu\u00e9rir les bases fondamentales d\u2019une scolarit\u00e9 r\u00e9ussie\u00a0par le biais: d\u2019un apprentissage harmonieux de la lecture, d\u2019un premier contact r\u00e9ussi avec les math\u00e9matiques, du go\u00fbt des langues \u00e9trang\u00e8res, Pour cela je travaille sur 3 mati\u00e8res: En fran\u00e7ais, pour la [&hellip;]","og_url":"https:\/\/www.capschoul.lu\/index.php\/programme-primaire\/","og_site_name":"Capschoul","twitter_card":"summary_large_image","twitter_misc":{"Dur\u00e9e de lecture estim\u00e9e":"2 minutes"},"schema":{"@context":"https:\/\/schema.org","@graph":[{"@type":"WebPage","@id":"https:\/\/www.capschoul.lu\/index.php\/programme-primaire\/","url":"https:\/\/www.capschoul.lu\/index.php\/programme-primaire\/","name":"Programme Primaire - Capschoul","isPartOf":{"@id":"https:\/\/www.capschoul.lu\/#website"},"datePublished":"2024-01-07T18:41:07+00:00","dateModified":"2024-01-07T18:41:07+00:00","breadcrumb":{"@id":"https:\/\/www.capschoul.lu\/index.php\/programme-primaire\/#breadcrumb"},"inLanguage":"fr-FR","potentialAction":[{"@type":"ReadAction","target":["https:\/\/www.capschoul.lu\/index.php\/programme-primaire\/"]}]},{"@type":"BreadcrumbList","@id":"https:\/\/www.capschoul.lu\/index.php\/programme-primaire\/#breadcrumb","itemListElement":[{"@type":"ListItem","position":1,"name":"Accueil","item":"https:\/\/www.capschoul.lu\/"},{"@type":"ListItem","position":2,"name":"Programme Primaire"}]},{"@type":"WebSite","@id":"https:\/\/www.capschoul.lu\/#website","url":"https:\/\/www.capschoul.lu\/","name":"Capschoul","description":"Soutien scolaire Luxembourg","publisher":{"@id":"https:\/\/www.capschoul.lu\/#organization"},"potentialAction":[{"@type":"SearchAction","target":{"@type":"EntryPoint","urlTemplate":"https:\/\/www.capschoul.lu\/?s={search_term_string}"},"query-input":"required name=search_term_string"}],"inLanguage":"fr-FR"},{"@type":"Organization","@id":"https:\/\/www.capschoul.lu\/#organization","name":"Capschoul","url":"https:\/\/www.capschoul.lu\/","logo":{"@type":"ImageObject","inLanguage":"fr-FR","@id":"https:\/\/www.capschoul.lu\/#\/schema\/logo\/image\/","url":"https:\/\/www.capschoul.lu\/wp-content\/uploads\/2024\/01\/logo-CAP-SCHOUL-Landscape300trans.png","contentUrl":"https:\/\/www.capschoul.lu\/wp-content\/uploads\/2024\/01\/logo-CAP-SCHOUL-Landscape300trans.png","width":300,"height":85,"caption":"Capschoul"},"image":{"@id":"https:\/\/www.capschoul.lu\/#\/schema\/logo\/image\/"}}]}},"_links":{"self":[{"href":"https:\/\/www.capschoul.lu\/index.php\/wp-json\/wp\/v2\/pages\/965","targetHints":{"allow":["GET"]}}],"collection":[{"href":"https:\/\/www.capschoul.lu\/index.php\/wp-json\/wp\/v2\/pages"}],"about":[{"href":"https:\/\/www.capschoul.lu\/index.php\/wp-json\/wp\/v2\/types\/page"}],"author":[{"embeddable":true,"href":"https:\/\/www.capschoul.lu\/index.php\/wp-json\/wp\/v2\/users\/1"}],"replies":[{"embeddable":true,"href":"https:\/\/www.capschoul.lu\/index.php\/wp-json\/wp\/v2\/comments?post=965"}],"version-history":[{"count":2,"href":"https:\/\/www.capschoul.lu\/index.php\/wp-json\/wp\/v2\/pages\/965\/revisions"}],"predecessor-version":[{"id":967,"href":"https:\/\/www.capschoul.lu\/index.php\/wp-json\/wp\/v2\/pages\/965\/revisions\/967"}],"wp:attachment":[{"href":"https:\/\/www.capschoul.lu\/index.php\/wp-json\/wp\/v2\/media?parent=965"}],"curies":[{"name":"wp","href":"https:\/\/api.w.org\/{rel}","templated":true}]}}